{"id":1624,"date":"2026-03-27T09:50:48","date_gmt":"2026-03-27T13:50:48","guid":{"rendered":"https:\/\/www.ludifest.cl\/?page_id=1624"},"modified":"2026-03-31T12:02:28","modified_gmt":"2026-03-31T16:02:28","slug":"premios-ludifest-2026","status":"publish","type":"page","link":"https:\/\/www.ludifest.cl\/?page_id=1624","title":{"rendered":"Premios Ludifest 2026"},"content":{"rendered":"\t\t<div data-elementor-type=\"wp-page\" data-elementor-id=\"1624\" class=\"elementor elementor-1624\">\n\t\t\t\t<div class=\"elementor-element elementor-element-38fb9322 e-flex e-con-boxed e-con e-parent\" data-id=\"38fb9322\" data-element_type=\"container\">\n\t\t\t\t\t<div class=\"e-con-inner\">\n\t\t\t\t<div class=\"elementor-element elementor-element-19e2fc49 elementor-widget elementor-widget-text-editor\" data-id=\"19e2fc49\" data-element_type=\"widget\" data-widget_type=\"text-editor.default\">\n\t\t\t\t<div class=\"elementor-widget-container\">\n\t\t\t\t\t\t\t\t\t<hr class=\"wp-block-separator has-alpha-channel-opacity\" \/>\n<h2 id=\"h-premios-ludifest\" class=\"wp-block-heading\">Premios Ludifest<\/h2>\n\n<h4 id=\"h-una-nueva-vitrina-para-destacar-los-mejores-juegos-de-mesa-en-chile\" class=\"wp-block-heading\">Una nueva vitrina para destacar los mejores juegos de mesa en Chile<\/h4>\n\n<p>Los <strong>Premios Ludifest<\/strong> son una iniciativa creada para dar visibilidad a los principales lanzamientos del mercado chileno de juegos de mesa. A trav\u00e9s de una combinaci\u00f3n de votaci\u00f3n del p\u00fablico, difusi\u00f3n en redes sociales y presencia destacada durante el evento, buscamos potenciar el alcance de tiendas, distribuidoras y editoriales.<\/p>\n\n<h4 id=\"h-que-son-los-premios-ludifest\" class=\"wp-block-heading\">\u00bfQu\u00e9 son los Premios Ludifest?<\/h4>\n\n<p>Es una plataforma de promoci\u00f3n donde los juegos postulados participan en una votaci\u00f3n abierta al p\u00fablico asistente de Ludifest, permitiendo que la comunidad elija sus t\u00edtulos favoritos.<\/p>\n\n<p>Adem\u00e1s, los juegos seleccionados forman parte de una campa\u00f1a de difusi\u00f3n que incluye contenido digital, embajadores y exhibici\u00f3n preferencial durante la feria.<\/p>\n\n<h4 id=\"h-como-funciona\" class=\"wp-block-heading\">\u00bfC\u00f3mo funciona?<\/h4>\n\n<ul class=\"wp-block-list\">\n<li>Los juegos postulados se integran a un sistema de votaci\u00f3n del p\u00fablico.<\/li>\n\n<li>Cada asistente puede participar en la elecci\u00f3n de sus t\u00edtulos favoritos.<\/li>\n\n<li>Los resultados reflejan directamente la preferencia de la comunidad l\u00fadica.<\/li>\n<\/ul>\n\n<h4 id=\"h-premios\" class=\"wp-block-heading\">Premios<\/h4>\n\n<ul class=\"wp-block-list\">\n<li>Los tres juegos mejor evaluados recibir\u00e1n un <strong>galard\u00f3n oficial de los Premios Ludifest<\/strong><\/li>\n\n<li>El primer lugar obtendr\u00e1 adem\u00e1s material promocional exclusivo para destacar su reconocimiento<\/li>\n<\/ul>\n\n<p>\u00a0<\/p>\n\t\t\t\t\t\t\t\t<\/div>\n\t\t\t\t<\/div>\n\t\t\t\t\t<\/div>\n\t\t\t\t<\/div>\n\t\t<div class=\"elementor-element elementor-element-69b28ab e-flex e-con-boxed e-con e-parent\" data-id=\"69b28ab\" data-element_type=\"container\">\n\t\t\t\t\t<div class=\"e-con-inner\">\n\t\t\t\t<div class=\"elementor-element elementor-element-777799f elementor-widget elementor-widget-heading\" data-id=\"777799f\" data-element_type=\"widget\" data-widget_type=\"heading.default\">\n\t\t\t\t<div class=\"elementor-widget-container\">\n\t\t\t\t\t<h2 class=\"elementor-heading-title elementor-size-default\">NOMINADOS<\/h2>\t\t\t\t<\/div>\n\t\t\t\t<\/div>\n\t\t\t\t\t<\/div>\n\t\t\t\t<\/div>\n\t\t<div class=\"elementor-element elementor-element-af6c3ed e-grid e-con-boxed e-con e-parent\" data-id=\"af6c3ed\" data-element_type=\"container\">\n\t\t\t\t\t<div class=\"e-con-inner\">\n\t\t\t\t<div class=\"elementor-element elementor-element-2e2924f elementor-widget elementor-widget-text-editor\" data-id=\"2e2924f\" data-element_type=\"widget\" data-widget_type=\"text-editor.default\">\n\t\t\t\t<div class=\"elementor-widget-container\">\n\t\t\t\t\t\t\t\t\t<h4>Take Time<\/h4>\n<h5><span style=\"color: #000000;\">Editorial: Libellud<\/span><\/h5>\n<h5><span style=\"color: #000000;\">Autores: Alexi Piovesan y Julien Prothi\u00e8re.<\/span><\/h5>\n<h5><span style=\"color: #000000;\">Fecha lanzamiento en Chile: 2025-11-06<\/span><\/h5>\n<h5><span style=\"color: #000000;\">C\u00f3mo jugar:<\/span><\/h5>\n<h5><a href=\"https:\/\/www.instagram.com\/reel\/DRcGR7CARey\/?igsh=MXNsbXpvcWhleGVudA==\"><span style=\"color: #000000;\">https:\/\/www.instagram.com\/reel\/DRcGR7CARey\/?igsh=MXNsbXpvcWhleGVudA==<\/span><\/a><\/h5>\n<p>\u00a0<\/p>\t\t\t\t\t\t\t\t<\/div>\n\t\t\t\t<\/div>\n\t\t\t\t<div class=\"elementor-element elementor-element-7dc6a92 elementor-widget elementor-widget-image\" data-id=\"7dc6a92\" data-element_type=\"widget\" data-widget_type=\"image.default\">\n\t\t\t\t<div class=\"elementor-widget-container\">\n\t\t\t\t\t\t\t\t\t\t\t\t\t\t\t<img fetchpriority=\"high\" decoding=\"async\" width=\"300\" height=\"300\" src=\"https:\/\/cdn.svc.asmodee.net\/production-ludifest\/uploads\/2026\/03\/fA0134ut9GlIw5cfrpPm8UjRd1wJOSCNTHGtbib9-300x300.jpg\" class=\"attachment-medium size-medium wp-image-1632\" alt=\"\" srcset=\"https:\/\/cdn.svc.asmodee.net\/production-ludifest\/uploads\/2026\/03\/fA0134ut9GlIw5cfrpPm8UjRd1wJOSCNTHGtbib9-300x300.jpg 300w, https:\/\/cdn.svc.asmodee.net\/production-ludifest\/uploads\/2026\/03\/fA0134ut9GlIw5cfrpPm8UjRd1wJOSCNTHGtbib9-150x150.jpg 150w, https:\/\/cdn.svc.asmodee.net\/production-ludifest\/uploads\/2026\/03\/fA0134ut9GlIw5cfrpPm8UjRd1wJOSCNTHGtbib9-768x768.jpg 768w, https:\/\/cdn.svc.asmodee.net\/production-ludifest\/uploads\/2026\/03\/fA0134ut9GlIw5cfrpPm8UjRd1wJOSCNTHGtbib9-600x600.jpg 600w, https:\/\/cdn.svc.asmodee.net\/production-ludifest\/uploads\/2026\/03\/fA0134ut9GlIw5cfrpPm8UjRd1wJOSCNTHGtbib9-100x100.jpg 100w, https:\/\/cdn.svc.asmodee.net\/production-ludifest\/uploads\/2026\/03\/fA0134ut9GlIw5cfrpPm8UjRd1wJOSCNTHGtbib9.jpg 1024w\" sizes=\"(max-width: 300px) 100vw, 300px\" \/>\t\t\t\t\t\t\t\t\t\t\t\t\t\t\t<\/div>\n\t\t\t\t<\/div>\n\t\t\t\t<div class=\"elementor-element elementor-element-cbdb3ff elementor-widget elementor-widget-text-editor\" data-id=\"cbdb3ff\" data-element_type=\"widget\" data-widget_type=\"text-editor.default\">\n\t\t\t\t<div class=\"elementor-widget-container\">\n\t\t\t\t\t\t\t\t\t<h4>Gustos Son Gustos<\/h4>\n<h5><span style=\"color: #000000;\">Editorial: Fractal Juegos<\/span><\/h5>\n<h5><span style=\"color: #000000;\">Autores: Jos\u00e9 Manuel Alvarez y Daniela Bustos<\/span><\/h5>\n<h5><span style=\"color: #000000;\">Fecha lanzamiento en Chile: 2025-12-19<\/span><\/h5>\n<h5><span style=\"color: #000000;\">C\u00f3mo jugar: <a href=\"https:\/\/www.youtube.com\/watch?v=IR9XJeG7xPU&amp;t=1s\">https:\/\/www.youtube.com\/watch?v=IR9XJeG7xPU&amp;t=1s<\/a><\/span><\/h5>\t\t\t\t\t\t\t\t<\/div>\n\t\t\t\t<\/div>\n\t\t\t\t<div class=\"elementor-element elementor-element-9483276 elementor-widget elementor-widget-image\" data-id=\"9483276\" data-element_type=\"widget\" data-widget_type=\"image.default\">\n\t\t\t\t<div class=\"elementor-widget-container\">\n\t\t\t\t\t\t\t\t\t\t\t\t\t\t\t<img decoding=\"async\" width=\"225\" height=\"300\" src=\"https:\/\/cdn.svc.asmodee.net\/production-ludifest\/uploads\/2026\/03\/Image-empty-state-1-225x300.avif\" class=\"attachment-medium size-medium wp-image-1633\" alt=\"\" srcset=\"https:\/\/cdn.svc.asmodee.net\/production-ludifest\/uploads\/2026\/03\/Image-empty-state-1-225x300.avif 225w, https:\/\/cdn.svc.asmodee.net\/production-ludifest\/uploads\/2026\/03\/Image-empty-state-1.avif 449w\" sizes=\"(max-width: 225px) 100vw, 225px\" \/>\t\t\t\t\t\t\t\t\t\t\t\t\t\t\t<\/div>\n\t\t\t\t<\/div>\n\t\t\t\t<div class=\"elementor-element elementor-element-857bea6 elementor-widget elementor-widget-text-editor\" data-id=\"857bea6\" data-element_type=\"widget\" data-widget_type=\"text-editor.default\">\n\t\t\t\t<div class=\"elementor-widget-container\">\n\t\t\t\t\t\t\t\t\t<h4>Vortynine<\/h4>\n<h5><span style=\"color: #000000;\">Editorial: Vorticial<\/span><\/h5>\n<h5><span style=\"color: #000000;\">Autores: Vorticial<\/span><\/h5>\n<h5><span style=\"color: #000000;\">Fecha lanzamiento en Chile: 2026-05-02<\/span><\/h5>\n<h5><span style=\"color: #000000;\">C\u00f3mo jugar: <a href=\"https:\/\/www.vortynine.com\">https:\/\/www.vortynine.com<\/a><\/span><\/h5>\t\t\t\t\t\t\t\t<\/div>\n\t\t\t\t<\/div>\n\t\t\t\t<div class=\"elementor-element elementor-element-ade2a1f elementor-widget elementor-widget-image\" data-id=\"ade2a1f\" data-element_type=\"widget\" data-widget_type=\"image.default\">\n\t\t\t\t<div class=\"elementor-widget-container\">\n\t\t\t\t\t\t\t\t\t\t\t\t\t\t\t<img decoding=\"async\" width=\"300\" height=\"300\" src=\"https:\/\/cdn.svc.asmodee.net\/production-ludifest\/uploads\/2026\/03\/5-300x300.png\" class=\"attachment-medium size-medium wp-image-1636\" alt=\"\" srcset=\"https:\/\/cdn.svc.asmodee.net\/production-ludifest\/uploads\/2026\/03\/5-300x300.png 300w, https:\/\/cdn.svc.asmodee.net\/production-ludifest\/uploads\/2026\/03\/5-150x150.png 150w, https:\/\/cdn.svc.asmodee.net\/production-ludifest\/uploads\/2026\/03\/5-100x100.png 100w, https:\/\/cdn.svc.asmodee.net\/production-ludifest\/uploads\/2026\/03\/5.png 600w\" sizes=\"(max-width: 300px) 100vw, 300px\" \/>\t\t\t\t\t\t\t\t\t\t\t\t\t\t\t<\/div>\n\t\t\t\t<\/div>\n\t\t\t\t<div class=\"elementor-element elementor-element-19c2b76 elementor-widget elementor-widget-text-editor\" data-id=\"19c2b76\" data-element_type=\"widget\" data-widget_type=\"text-editor.default\">\n\t\t\t\t<div class=\"elementor-widget-container\">\n\t\t\t\t\t\t\t\t\t<h4>\u00a1Otra Vez Sopa!<\/h4>\n<h5><span style=\"color: #000000;\">Editorial: Fractal Juegos<\/span><\/h5>\n<h5><span style=\"color: #000000;\">Autores: Jorge Larra\u00edn y Sim\u00f3n Weinstein<\/span><\/h5>\n<h5><span style=\"color: #000000;\">Fecha lanzamiento en Chile: 2025-12-19<\/span><\/h5>\n<h5><span style=\"color: #000000;\">C\u00f3mo jugar: <a href=\"https:\/\/www.youtube.com\/watch?v=FSzyqnbTPkI&amp;list=TLGGwEFPzp3YM_UxMDAzMjAyNg\">https:\/\/www.youtube.com\/watch?v=FSzyqnbTPkI&amp;list=TLGGwEFPzp3YM_UxMDAzMjAyNg<\/a><\/span><\/h5>\t\t\t\t\t\t\t\t<\/div>\n\t\t\t\t<\/div>\n\t\t\t\t<div class=\"elementor-element elementor-element-12c8b95 elementor-widget elementor-widget-image\" data-id=\"12c8b95\" data-element_type=\"widget\" data-widget_type=\"image.default\">\n\t\t\t\t<div class=\"elementor-widget-container\">\n\t\t\t\t\t\t\t\t\t\t\t\t\t\t\t<img loading=\"lazy\" decoding=\"async\" width=\"225\" height=\"300\" src=\"https:\/\/cdn.svc.asmodee.net\/production-ludifest\/uploads\/2026\/03\/Image-empty-state-225x300.avif\" class=\"attachment-medium size-medium wp-image-1634\" alt=\"\" srcset=\"https:\/\/cdn.svc.asmodee.net\/production-ludifest\/uploads\/2026\/03\/Image-empty-state-225x300.avif 225w, https:\/\/cdn.svc.asmodee.net\/production-ludifest\/uploads\/2026\/03\/Image-empty-state.avif 449w\" sizes=\"(max-width: 225px) 100vw, 225px\" \/>\t\t\t\t\t\t\t\t\t\t\t\t\t\t\t<\/div>\n\t\t\t\t<\/div>\n\t\t\t\t<div class=\"elementor-element elementor-element-cf94453 elementor-widget elementor-widget-text-editor\" data-id=\"cf94453\" data-element_type=\"widget\" data-widget_type=\"text-editor.default\">\n\t\t\t\t<div class=\"elementor-widget-container\">\n\t\t\t\t\t\t\t\t\t<h4>Piles<\/h4>\n<h5><span style=\"color: #000000;\">Editorial: The Lost Boy Entertainment<\/span><\/h5>\n<h5><span style=\"color: #000000;\">Autores: Cameron Ring, Coris Climp y K Scimp<\/span><\/h5>\n<h5><span style=\"color: #000000;\">Fecha lanzamiento en Chile: 2025-02-20<\/span><\/h5>\n<h5><span style=\"color: #000000;\">C\u00f3mo jugar: <a href=\"https:\/\/www.instagram.com\/reel\/DF6BdRJywvN\/?igsh=N2xnY2d6dmI5Yzlt\">https:\/\/www.instagram.com\/reel\/DF6BdRJywvN\/?igsh=N2xnY2d6dmI5Yzlt<\/a><\/span><\/h5>\t\t\t\t\t\t\t\t<\/div>\n\t\t\t\t<\/div>\n\t\t\t\t<div class=\"elementor-element elementor-element-42c3355 elementor-widget elementor-widget-image\" data-id=\"42c3355\" data-element_type=\"widget\" data-widget_type=\"image.default\">\n\t\t\t\t<div class=\"elementor-widget-container\">\n\t\t\t\t\t\t\t\t\t\t\t\t\t\t\t<img loading=\"lazy\" decoding=\"async\" width=\"300\" height=\"300\" src=\"https:\/\/cdn.svc.asmodee.net\/production-ludifest\/uploads\/2026\/03\/Piles-300x300.png\" class=\"attachment-medium size-medium wp-image-1630\" alt=\"\" srcset=\"https:\/\/cdn.svc.asmodee.net\/production-ludifest\/uploads\/2026\/03\/Piles-300x300.png 300w, https:\/\/cdn.svc.asmodee.net\/production-ludifest\/uploads\/2026\/03\/Piles-150x150.png 150w, https:\/\/cdn.svc.asmodee.net\/production-ludifest\/uploads\/2026\/03\/Piles-768x768.png 768w, https:\/\/cdn.svc.asmodee.net\/production-ludifest\/uploads\/2026\/03\/Piles-600x600.png 600w, https:\/\/cdn.svc.asmodee.net\/production-ludifest\/uploads\/2026\/03\/Piles-100x100.png 100w, https:\/\/cdn.svc.asmodee.net\/production-ludifest\/uploads\/2026\/03\/Piles.png 1024w\" sizes=\"(max-width: 300px) 100vw, 300px\" \/>\t\t\t\t\t\t\t\t\t\t\t\t\t\t\t<\/div>\n\t\t\t\t<\/div>\n\t\t\t\t<div class=\"elementor-element elementor-element-c0384ee elementor-widget elementor-widget-text-editor\" data-id=\"c0384ee\" data-element_type=\"widget\" data-widget_type=\"text-editor.default\">\n\t\t\t\t<div class=\"elementor-widget-container\">\n\t\t\t\t\t\t\t\t\t<h4>Jardines de Bolsillo<\/h4>\n<h5><span style=\"color: #000000;\">Editorial: Pud\u00fa Juegos<\/span><\/h5>\n<h5><span style=\"color: #000000;\">Autores: Ignacio Paz<\/span><\/h5>\n<h5><span style=\"color: #000000;\">Fecha lanzamiento en Chile: 2026-02-07<\/span><\/h5>\n<h5><span style=\"color: #000000;\">C\u00f3mo jugar: <a href=\"https:\/\/www.instagram.com\/reel\/DT3ZduqkUSX\/?igsh=Y2JtM2t0bGFoczF6\">https:\/\/www.instagram.com\/reel\/DF6BdRJywvN\/?igsh=N2xnY2d6dmI5Yzlt<\/a><\/span><\/h5>\t\t\t\t\t\t\t\t<\/div>\n\t\t\t\t<\/div>\n\t\t\t\t<div class=\"elementor-element elementor-element-2a3d06c elementor-widget elementor-widget-image\" data-id=\"2a3d06c\" data-element_type=\"widget\" data-widget_type=\"image.default\">\n\t\t\t\t<div class=\"elementor-widget-container\">\n\t\t\t\t\t\t\t\t\t\t\t\t\t\t\t<img loading=\"lazy\" decoding=\"async\" width=\"189\" height=\"300\" src=\"https:\/\/cdn.svc.asmodee.net\/production-ludifest\/uploads\/2026\/03\/Imagen5-189x300.png\" class=\"attachment-medium size-medium wp-image-1762\" alt=\"\" srcset=\"https:\/\/cdn.svc.asmodee.net\/production-ludifest\/uploads\/2026\/03\/Imagen5-189x300.png 189w, https:\/\/cdn.svc.asmodee.net\/production-ludifest\/uploads\/2026\/03\/Imagen5.png 403w\" sizes=\"(max-width: 189px) 100vw, 189px\" \/>\t\t\t\t\t\t\t\t\t\t\t\t\t\t\t<\/div>\n\t\t\t\t<\/div>\n\t\t\t\t<div class=\"elementor-element elementor-element-928cde2 elementor-widget elementor-widget-text-editor\" data-id=\"928cde2\" data-element_type=\"widget\" data-widget_type=\"text-editor.default\">\n\t\t\t\t<div class=\"elementor-widget-container\">\n\t\t\t\t\t\t\t\t\t<h4>Monta\u00f1a Ping\u00fcino<\/h4>\n<h5><span style=\"color: #000000;\">Editorial: Pud\u00fa Juegos<\/span><\/h5>\n<h5><span style=\"color: #000000;\">Autores: Felipe Tabilo<\/span><\/h5>\n<h5><span style=\"color: #000000;\">Fecha lanzamiento en Chile: 2026-02-07<\/span><\/h5>\n<h5><span style=\"color: #000000;\">C\u00f3mo jugar: <a href=\"https:\/\/youtu.be\/RKg0Wb47YLE?si=TgtWhG4Ka6a8sAL6\">https:\/\/youtu.be\/RKg0Wb47YLE?si=TgtWhG4Ka6a8sAL6<\/a><\/span><\/h5>\t\t\t\t\t\t\t\t<\/div>\n\t\t\t\t<\/div>\n\t\t\t\t<div class=\"elementor-element elementor-element-a9d56b5 elementor-widget elementor-widget-image\" data-id=\"a9d56b5\" data-element_type=\"widget\" data-widget_type=\"image.default\">\n\t\t\t\t<div class=\"elementor-widget-container\">\n\t\t\t\t\t\t\t\t\t\t\t\t\t\t\t<img loading=\"lazy\" decoding=\"async\" width=\"188\" height=\"300\" src=\"https:\/\/cdn.svc.asmodee.net\/production-ludifest\/uploads\/2026\/03\/large-Imagen2-188x300.png\" class=\"attachment-medium size-medium wp-image-1763\" alt=\"\" srcset=\"https:\/\/cdn.svc.asmodee.net\/production-ludifest\/uploads\/2026\/03\/large-Imagen2-188x300.png 188w, https:\/\/cdn.svc.asmodee.net\/production-ludifest\/uploads\/2026\/03\/large-Imagen2-642x1024.png 642w, https:\/\/cdn.svc.asmodee.net\/production-ludifest\/uploads\/2026\/03\/large-Imagen2-768x1226.png 768w, https:\/\/cdn.svc.asmodee.net\/production-ludifest\/uploads\/2026\/03\/large-Imagen2-600x958.png 600w, https:\/\/cdn.svc.asmodee.net\/production-ludifest\/uploads\/2026\/03\/large-Imagen2.png 775w\" sizes=\"(max-width: 188px) 100vw, 188px\" \/>\t\t\t\t\t\t\t\t\t\t\t\t\t\t\t<\/div>\n\t\t\t\t<\/div>\n\t\t\t\t\t<\/div>\n\t\t\t\t<\/div>\n\t\t\t\t<\/div>\n\t\t","protected":false},"excerpt":{"rendered":"<p>Premios Ludifest Una nueva vitrina para destacar los mejores juegos de mesa en Chile Los Premios Ludifest son una iniciativa creada para dar visibilidad a los principales lanzamientos del mercado chileno de juegos de mesa. A trav\u00e9s de una combinaci\u00f3n de votaci\u00f3n del p\u00fablico, difusi\u00f3n en redes sociales y presencia destacada durante el evento, buscamos potenciar el alcance de tiendas,&#8230;<\/p>\n","protected":false},"author":4,"featured_media":0,"parent":0,"menu_order":0,"comment_status":"closed","ping_status":"closed","template":"elementor_theme","meta":{"footnotes":""},"class_list":["post-1624","page","type-page","status-publish","hentry"],"yoast_head":"<!-- This site is optimized with the Yoast SEO Premium plugin v25.0 (Yoast SEO v25.0) - https:\/\/yoast.com\/wordpress\/plugins\/seo\/ -->\n<title>Premios Ludifest 2026 - Ludifest 2026<\/title>\n<meta name=\"robots\" content=\"index, follow, max-snippet:-1, max-image-preview:large, max-video-preview:-1\" \/>\n<link rel=\"canonical\" href=\"https:\/\/www.ludifest.cl\/?page_id=1624\" \/>\n<meta property=\"og:locale\" content=\"en_US\" \/>\n<meta property=\"og:type\" content=\"article\" \/>\n<meta property=\"og:title\" content=\"Premios Ludifest 2026\" \/>\n<meta property=\"og:description\" content=\"Premios Ludifest Una nueva vitrina para destacar los mejores juegos de mesa en Chile Los Premios Ludifest son una iniciativa creada para dar visibilidad a los principales lanzamientos del mercado chileno de juegos de mesa. A trav\u00e9s de una combinaci\u00f3n de votaci\u00f3n del p\u00fablico, difusi\u00f3n en redes sociales y presencia destacada durante el evento, buscamos potenciar el alcance de tiendas,...\" \/>\n<meta property=\"og:url\" content=\"https:\/\/www.ludifest.cl\/?page_id=1624\" \/>\n<meta property=\"og:site_name\" content=\"Ludifest 2026\" \/>\n<meta property=\"article:modified_time\" content=\"2026-03-31T16:02:28+00:00\" \/>\n<meta property=\"og:image\" content=\"https:\/\/cdn.svc.asmodee.net\/production-ludifest\/uploads\/2026\/03\/fA0134ut9GlIw5cfrpPm8UjRd1wJOSCNTHGtbib9.jpg\" \/>\n\t<meta property=\"og:image:width\" content=\"1024\" \/>\n\t<meta property=\"og:image:height\" content=\"1024\" \/>\n\t<meta property=\"og:image:type\" content=\"image\/jpeg\" \/>\n<meta name=\"twitter:card\" content=\"summary_large_image\" \/>\n<meta name=\"twitter:label1\" content=\"Est. reading time\" \/>\n\t<meta name=\"twitter:data1\" content=\"3 minutes\" \/>\n<script type=\"application\/ld+json\" class=\"yoast-schema-graph\">{\"@context\":\"https:\/\/schema.org\",\"@graph\":[{\"@type\":\"WebPage\",\"@id\":\"https:\/\/www.ludifest.cl\/?page_id=1624\",\"url\":\"https:\/\/www.ludifest.cl\/?page_id=1624\",\"name\":\"Premios Ludifest 2026 - Ludifest 2026\",\"isPartOf\":{\"@id\":\"https:\/\/www.ludifest.cl\/#website\"},\"primaryImageOfPage\":{\"@id\":\"https:\/\/www.ludifest.cl\/?page_id=1624#primaryimage\"},\"image\":{\"@id\":\"https:\/\/www.ludifest.cl\/?page_id=1624#primaryimage\"},\"thumbnailUrl\":\"https:\/\/cdn.svc.asmodee.net\/production-ludifest\/uploads\/2026\/03\/fA0134ut9GlIw5cfrpPm8UjRd1wJOSCNTHGtbib9-300x300.jpg\",\"datePublished\":\"2026-03-27T13:50:48+00:00\",\"dateModified\":\"2026-03-31T16:02:28+00:00\",\"breadcrumb\":{\"@id\":\"https:\/\/www.ludifest.cl\/?page_id=1624#breadcrumb\"},\"inLanguage\":\"en-CA\",\"potentialAction\":[{\"@type\":\"ReadAction\",\"target\":[\"https:\/\/www.ludifest.cl\/?page_id=1624\"]}]},{\"@type\":\"ImageObject\",\"inLanguage\":\"en-CA\",\"@id\":\"https:\/\/www.ludifest.cl\/?page_id=1624#primaryimage\",\"url\":\"https:\/\/cdn.svc.asmodee.net\/production-ludifest\/uploads\/2026\/03\/fA0134ut9GlIw5cfrpPm8UjRd1wJOSCNTHGtbib9-300x300.jpg\",\"contentUrl\":\"https:\/\/cdn.svc.asmodee.net\/production-ludifest\/uploads\/2026\/03\/fA0134ut9GlIw5cfrpPm8UjRd1wJOSCNTHGtbib9-300x300.jpg\"},{\"@type\":\"BreadcrumbList\",\"@id\":\"https:\/\/www.ludifest.cl\/?page_id=1624#breadcrumb\",\"itemListElement\":[{\"@type\":\"ListItem\",\"position\":1,\"name\":\"Home\",\"item\":\"https:\/\/www.ludifest.cl\/\"},{\"@type\":\"ListItem\",\"position\":2,\"name\":\"Premios Ludifest 2026\"}]},{\"@type\":\"WebSite\",\"@id\":\"https:\/\/www.ludifest.cl\/#website\",\"url\":\"https:\/\/www.ludifest.cl\/\",\"name\":\"Ludifest 2026\",\"description\":\"El festival de los juegos de mesa\",\"publisher\":{\"@id\":\"https:\/\/www.ludifest.cl\/#organization\"},\"potentialAction\":[{\"@type\":\"SearchAction\",\"target\":{\"@type\":\"EntryPoint\",\"urlTemplate\":\"https:\/\/www.ludifest.cl\/?s={search_term_string}\"},\"query-input\":{\"@type\":\"PropertyValueSpecification\",\"valueRequired\":true,\"valueName\":\"search_term_string\"}}],\"inLanguage\":\"en-CA\"},{\"@type\":\"Organization\",\"@id\":\"https:\/\/www.ludifest.cl\/#organization\",\"name\":\"Ludifest 2026\",\"url\":\"https:\/\/www.ludifest.cl\/\",\"logo\":{\"@type\":\"ImageObject\",\"inLanguage\":\"en-CA\",\"@id\":\"https:\/\/www.ludifest.cl\/#\/schema\/logo\/image\/\",\"url\":\"https:\/\/cdn.svc.asmodee.net\/production-ludifest\/uploads\/2020\/08\/Logo-Ludifest-V.png\",\"contentUrl\":\"https:\/\/cdn.svc.asmodee.net\/production-ludifest\/uploads\/2020\/08\/Logo-Ludifest-V.png\",\"width\":2245,\"height\":316,\"caption\":\"Ludifest 2026\"},\"image\":{\"@id\":\"https:\/\/www.ludifest.cl\/#\/schema\/logo\/image\/\"}}]}<\/script>\n<!-- \/ Yoast SEO Premium plugin. -->","yoast_head_json":{"title":"Premios Ludifest 2026 - Ludifest 2026","robots":{"index":"index","follow":"follow","max-snippet":"max-snippet:-1","max-image-preview":"max-image-preview:large","max-video-preview":"max-video-preview:-1"},"canonical":"https:\/\/www.ludifest.cl\/?page_id=1624","og_locale":"en_US","og_type":"article","og_title":"Premios Ludifest 2026","og_description":"Premios Ludifest Una nueva vitrina para destacar los mejores juegos de mesa en Chile Los Premios Ludifest son una iniciativa creada para dar visibilidad a los principales lanzamientos del mercado chileno de juegos de mesa. A trav\u00e9s de una combinaci\u00f3n de votaci\u00f3n del p\u00fablico, difusi\u00f3n en redes sociales y presencia destacada durante el evento, buscamos potenciar el alcance de tiendas,...","og_url":"https:\/\/www.ludifest.cl\/?page_id=1624","og_site_name":"Ludifest 2026","article_modified_time":"2026-03-31T16:02:28+00:00","og_image":[{"width":1024,"height":1024,"url":"https:\/\/cdn.svc.asmodee.net\/production-ludifest\/uploads\/2026\/03\/fA0134ut9GlIw5cfrpPm8UjRd1wJOSCNTHGtbib9.jpg","type":"image\/jpeg"}],"twitter_card":"summary_large_image","twitter_misc":{"Est. reading time":"3 minutes"},"schema":{"@context":"https:\/\/schema.org","@graph":[{"@type":"WebPage","@id":"https:\/\/www.ludifest.cl\/?page_id=1624","url":"https:\/\/www.ludifest.cl\/?page_id=1624","name":"Premios Ludifest 2026 - Ludifest 2026","isPartOf":{"@id":"https:\/\/www.ludifest.cl\/#website"},"primaryImageOfPage":{"@id":"https:\/\/www.ludifest.cl\/?page_id=1624#primaryimage"},"image":{"@id":"https:\/\/www.ludifest.cl\/?page_id=1624#primaryimage"},"thumbnailUrl":"https:\/\/cdn.svc.asmodee.net\/production-ludifest\/uploads\/2026\/03\/fA0134ut9GlIw5cfrpPm8UjRd1wJOSCNTHGtbib9-300x300.jpg","datePublished":"2026-03-27T13:50:48+00:00","dateModified":"2026-03-31T16:02:28+00:00","breadcrumb":{"@id":"https:\/\/www.ludifest.cl\/?page_id=1624#breadcrumb"},"inLanguage":"en-CA","potentialAction":[{"@type":"ReadAction","target":["https:\/\/www.ludifest.cl\/?page_id=1624"]}]},{"@type":"ImageObject","inLanguage":"en-CA","@id":"https:\/\/www.ludifest.cl\/?page_id=1624#primaryimage","url":"https:\/\/cdn.svc.asmodee.net\/production-ludifest\/uploads\/2026\/03\/fA0134ut9GlIw5cfrpPm8UjRd1wJOSCNTHGtbib9-300x300.jpg","contentUrl":"https:\/\/cdn.svc.asmodee.net\/production-ludifest\/uploads\/2026\/03\/fA0134ut9GlIw5cfrpPm8UjRd1wJOSCNTHGtbib9-300x300.jpg"},{"@type":"BreadcrumbList","@id":"https:\/\/www.ludifest.cl\/?page_id=1624#breadcrumb","itemListElement":[{"@type":"ListItem","position":1,"name":"Home","item":"https:\/\/www.ludifest.cl\/"},{"@type":"ListItem","position":2,"name":"Premios Ludifest 2026"}]},{"@type":"WebSite","@id":"https:\/\/www.ludifest.cl\/#website","url":"https:\/\/www.ludifest.cl\/","name":"Ludifest 2026","description":"El festival de los juegos de mesa","publisher":{"@id":"https:\/\/www.ludifest.cl\/#organization"},"potentialAction":[{"@type":"SearchAction","target":{"@type":"EntryPoint","urlTemplate":"https:\/\/www.ludifest.cl\/?s={search_term_string}"},"query-input":{"@type":"PropertyValueSpecification","valueRequired":true,"valueName":"search_term_string"}}],"inLanguage":"en-CA"},{"@type":"Organization","@id":"https:\/\/www.ludifest.cl\/#organization","name":"Ludifest 2026","url":"https:\/\/www.ludifest.cl\/","logo":{"@type":"ImageObject","inLanguage":"en-CA","@id":"https:\/\/www.ludifest.cl\/#\/schema\/logo\/image\/","url":"https:\/\/cdn.svc.asmodee.net\/production-ludifest\/uploads\/2020\/08\/Logo-Ludifest-V.png","contentUrl":"https:\/\/cdn.svc.asmodee.net\/production-ludifest\/uploads\/2020\/08\/Logo-Ludifest-V.png","width":2245,"height":316,"caption":"Ludifest 2026"},"image":{"@id":"https:\/\/www.ludifest.cl\/#\/schema\/logo\/image\/"}}]}},"_links":{"self":[{"href":"https:\/\/www.ludifest.cl\/index.php?rest_route=\/wp\/v2\/pages\/1624","targetHints":{"allow":["GET"]}}],"collection":[{"href":"https:\/\/www.ludifest.cl\/index.php?rest_route=\/wp\/v2\/pages"}],"about":[{"href":"https:\/\/www.ludifest.cl\/index.php?rest_route=\/wp\/v2\/types\/page"}],"author":[{"embeddable":true,"href":"https:\/\/www.ludifest.cl\/index.php?rest_route=\/wp\/v2\/users\/4"}],"replies":[{"embeddable":true,"href":"https:\/\/www.ludifest.cl\/index.php?rest_route=%2Fwp%2Fv2%2Fcomments&post=1624"}],"version-history":[{"count":22,"href":"https:\/\/www.ludifest.cl\/index.php?rest_route=\/wp\/v2\/pages\/1624\/revisions"}],"predecessor-version":[{"id":1775,"href":"https:\/\/www.ludifest.cl\/index.php?rest_route=\/wp\/v2\/pages\/1624\/revisions\/1775"}],"wp:attachment":[{"href":"https:\/\/www.ludifest.cl\/index.php?rest_route=%2Fwp%2Fv2%2Fmedia&parent=1624"}],"curies":[{"name":"wp","href":"https:\/\/api.w.org\/{rel}","templated":true}]}}