{"id":1571,"date":"2025-12-01T14:22:45","date_gmt":"2025-12-01T18:22:45","guid":{"rendered":"https:\/\/www.ludifest.cl\/?page_id=1571"},"modified":"2025-12-01T14:22:47","modified_gmt":"2025-12-01T18:22:47","slug":"politicas-de-cookies","status":"publish","type":"page","link":"https:\/\/www.ludifest.cl\/?page_id=1571","title":{"rendered":"Pol\u00edticas de Cookies"},"content":{"rendered":"\n<p><strong>Pol\u00edtica de uso de cookies y otros rastreadores<\/strong><strong><\/strong><\/p>\n\n\n\n<p>Asmodee AB, editor del sitio web www.ludifest.cl (en adelante, \u00abAsmodee\u00bb), trata sus datos personales en calidad de responsable del tratamiento cuando navega por su sitio web.<\/p>\n\n\n\n<p>El objetivo de esta pol\u00edtica es informarle tanto del funcionamiento de las cookies como del contexto legal en el que Asmodee hace uso de ellas. Esta informaci\u00f3n es complementaria a la <a href=\"https:\/\/www.ludifest.cl\/?page_id=3\">[pol\u00edtica de confidencialidad]<\/a><\/p>\n\n\n\n<h3 class=\"wp-block-heading\" id=\"h-que-es-una-cookie\">\u00bfQU\u00c9 ES UNA COOKIE?<\/h3>\n\n\n\n<p>Una cookie es un peque\u00f1o archivo de texto, imagen o software que se introduce y almacena en su ordenador, tableta o tel\u00e9fono m\u00f3vil en relaci\u00f3n a su uso del sitio web.<\/p>\n\n\n\n<p>Para simplificar, el t\u00e9rmino \u00abcookie\u00bb aqu\u00ed hace referencia a cualquier tipo de rastreador que puede recoger informaci\u00f3n sobre sus h\u00e1bitos de navegaci\u00f3n a partir de su dispositivo (etiquetas, rastreadores, cookies http, etc.).<\/p>\n\n\n\n<p>Al continuar utilizando el sitio web ludifest.cl, reconoce que comprende los t\u00e9rminos de nuestra pol\u00edtica de cookies.<br>Puede cambiar sus preferencias en cualquier momento accediendo a la secci\u00f3n \u00abGestionar sus preferencias sobre las cookies\u00bb.<\/p>\n\n\n\n<p>Nuestros sitios web utilizan dos tipos de cookies:<\/p>\n\n\n\n<ul class=\"wp-block-list\">\n<li>\u00a0cookies de sesi\u00f3n, que son temporales y permanecen en su navegador mientras visita nuestro sitio web, y<\/li>\n\n\n\n<li>cookies persistentes, que permanecen en su navegador durante un per\u00edodo de tiempo m\u00e1s largo.<\/li>\n<\/ul>\n\n\n\n<p><strong>\u00bfES NECESARIO SU CONSENTIMIENTO?<\/strong><strong><\/strong><\/p>\n\n\n\n<p>Antes de colocar o leer una cookie que:<\/p>\n\n\n\n<ul class=\"wp-block-list\">\n<li>no sea necesaria para prestar un servicio que usted solicite;<\/li>\n<\/ul>\n\n\n\n<p>o<\/p>\n\n\n\n<ul class=\"wp-block-list\">\n<li>no permita\/facilite la comunicaci\u00f3n por medios electr\u00f3nicos,<\/li>\n<\/ul>\n\n\n\n<p>Los editores de los sitios web deben:<\/p>\n\n\n\n<ul class=\"wp-block-list\">\n<li>informar al usuario de la finalidad de las cookies;<\/li>\n\n\n\n<li>obtener el consentimiento del usuario;<\/li>\n\n\n\n<li>proporcionar un medio para que el usuario pueda retirar este consentimiento.<\/li>\n<\/ul>\n\n\n\n<p>Este consentimiento es v\u00e1lido durante trece (13) meses.<\/p>\n\n\n\n<p><strong>\u00bfPOR QU\u00c9 ASMODEE UTILIZA COOKIES?<\/strong><strong><\/strong><\/p>\n\n\n\n<p>Las cookies se utilizan con diversos fines, como permitir al usuario navegar f\u00e1cilmente de una p\u00e1gina a otra, aplicar sus preferencias y mejorar la experiencia general de navegaci\u00f3n, personalizando el sitio web en funci\u00f3n de la navegaci\u00f3n del usuario y ofrecerle opciones para acceder a las redes sociales.Las cookies tambi\u00e9n pueden ayudarnos a garantizar que los anuncios que el usuario ve en l\u00ednea son los que le resulten m\u00e1s relevantes en funci\u00f3n de sus \u00e1reas de inter\u00e9s.<\/p>\n\n\n\n<p>Para obtener m\u00e1s informaci\u00f3n sobre nuestros fines o los proveedores de servicios que utilizamos, haga clic en \u00abCookies\u00bb en la parte inferior de cada p\u00e1gina.<\/p>\n\n\n\n<p><strong>\u00bfQU\u00c9 TIPOS DE COOKIES UTILIZA ASMODEE? <\/strong><strong><\/strong><\/p>\n\n\n\n<p>Este sitio web est\u00e1 dise\u00f1ado para prestar atenci\u00f3n a sus necesidades. Por ello, ASMODEE utiliza cookies para optimizar su visita al sitio web.<\/p>\n\n\n\n<p>Las cookies que utiliza ASMODEE pertenecen a las siguientes categor\u00edas:<\/p>\n\n\n\n<p><strong>Cookies t\u00e9cnicas<\/strong> no sujetas a consentimiento: estas cookies se instalan para facilitar la navegaci\u00f3n entre p\u00e1ginas web, para garantizar la seguridad de nuestro sitio web y tambi\u00e9n para permitirle beneficiarse de determinadas funciones de nuestro sitio web y\/o de nuestros servicios (creaci\u00f3n de una cuenta, identificaci\u00f3n, etc.). Estas cookies caducan autom\u00e1ticamente al abandonar el sitio web.<\/p>\n\n\n\n<p><strong>Cookies funcionales<\/strong> no sujetas a consentimiento: estas cookies son estrictamente necesarias para la navegaci\u00f3n con el fin de ofrecerle una experiencia de usuario \u00f3ptima y adaptada a sus preferencias personales (detecci\u00f3n de problemas de navegaci\u00f3n, mejora de la ergonom\u00eda, almacenamiento de su selecci\u00f3n de productos en su cesta).<\/p>\n\n\n\n<p><strong>Cookies de medici\u00f3n de audiencia<\/strong> sujetas a consentimiento: estas cookies est\u00e1n sujetas a ajustes adicionales en comparaci\u00f3n con las cookies de medici\u00f3n de audiencia no sujetas a consentimiento. Por eso solo se instalan si usted da su consentimiento para ello. Nos permiten elaborar estad\u00edsticas an\u00f3nimas m\u00e1s precisas sobre la navegaci\u00f3n a trav\u00e9s de los distintos dispositivos que utilice.&nbsp;<\/p>\n\n\n\n<p><strong>P\u00edxeles de seguimiento en los boletines: <\/strong>Utilizamos p\u00edxeles de seguimiento (tambi\u00e9n conocidos como web beacons) en nuestros correos electr\u00f3nicos de marketing. Estas peque\u00f1as im\u00e1genes transparentes nos permiten saber si ha abierto un correo electr\u00f3nico y cu\u00e1ndo lo ha hecho, as\u00ed como los enlaces en los que ha hecho clic.<\/p>\n\n\n\n<p><strong>\u00bfQU\u00c9 INFORMACI\u00d3N SE RECOGE? <\/strong><strong><\/strong><\/p>\n\n\n\n<p>Cuando visita un sitio web, \u00e9ste puede almacenar o recuperar informaci\u00f3n utilizando su navegador. Estos datos no le identifican directamente, sino que registran informaci\u00f3n relativa a la navegaci\u00f3n de su dispositivo en el sitio web, que ASMODEE podr\u00e1 leer durante sus posteriores visitas al sitio web, lo que le permitir\u00e1 beneficiarse de una experiencia de Internet m\u00e1s personalizada.<\/p>\n\n\n\n<p>La informaci\u00f3n que se recoge a trav\u00e9s de los p\u00edxeles de seguimiento puede incluir:<\/p>\n\n\n\n<ul class=\"wp-block-list\">\n<li>La fecha y hora en que se abri\u00f3 el correo electr\u00f3nico.<\/li>\n\n\n\n<li>Su direcci\u00f3n IP.<\/li>\n\n\n\n<li>Su tipo de dispositivo y sistema operativo.<\/li>\n\n\n\n<li>Los enlaces en los que ha hecho clic en el correo electr\u00f3nico.<\/li>\n<\/ul>\n\n\n\n<p>Estos datos nos ayudan a medir la eficacia de nuestras campa\u00f1as de correo electr\u00f3nico y a mejorar nuestras comunicaciones.<\/p>\n\n\n\n<p><strong>\u00bfCU\u00c1NTO TIEMPO SE ALMACENAN LAS COOKIES?<\/strong><strong><\/strong><\/p>\n\n\n\n<p>Las cookies se conservan mientras usted navega por el sitio web o durante un per\u00edodo de trece (13) meses a partir de la primera vez que se instalaron en su dispositivo.<\/p>\n\n\n\n<p>Al finalizar este periodo de conservaci\u00f3n, los datos personales recogidos a trav\u00e9s de las cookies se eliminan.<\/p>\n\n\n\n<h3 class=\"wp-block-heading\" id=\"h-nbsp\">&nbsp;<\/h3>\n\n\n\n<h3 class=\"wp-block-heading\" id=\"h-como-puedo-gestionar-las-cookies-instaladas-en-mi-dispositivo-desde-nuestro-sitio-web\">\u00bfC\u00d3MO PUEDO GESTIONAR LAS COOKIES INSTALADAS EN MI DISPOSITIVO DESDE NUESTRO SITIO WEB?<\/h3>\n\n\n\n<p>A excepci\u00f3n de las cookies estrictamente necesarias desde un punto de vista t\u00e9cnico, el almacenamiento de una cookie en un dispositivo est\u00e1 sujeto a su voluntad, que puede expresar y modificar en cualquier momento y de forma gratuita mediante las distintas opciones que tiene a su disposici\u00f3n.<\/p>\n\n\n\n<p>Puede desactivar y\/o eliminar f\u00e1cilmente las cookies de su ordenador, tableta o tel\u00e9fono m\u00f3vil gestionando la configuraci\u00f3n de su navegador.<br><br><\/p>\n\n\n\n<p>El usuario dispone de varias opciones para oponerse al almacenamiento de cookies:<\/p>\n\n\n\n<ul class=\"wp-block-list\">\n<li><strong>Configuraci\u00f3n de cookies del navegador de Internet<\/strong><\/li>\n<\/ul>\n\n\n\n<p>El usuario puede configurar su navegador de Internet para que las cookies de tipo HTTP se almacenen en su dispositivo o, por el contrario, para rechazarlas, ya sea sistem\u00e1ticamente o en funci\u00f3n del emisor.<\/p>\n\n\n\n<p>El usuario tambi\u00e9n puede configurar su navegador de Internet para que le ofrezca la opci\u00f3n de aceptar o rechazar las cookies de forma puntual, antes de que pueda almacenarse una cookie en su dispositivo.<\/p>\n\n\n\n<p>Cada navegador tiene una configuraci\u00f3n diferente para gestionar las cookies y sus opciones. Esta configuraci\u00f3n se encuentra en el men\u00fa de ayuda del navegador del usuario, que le permitir\u00e1 modificar sus preferencias con respecto a las cookies:<\/p>\n\n\n\n<ul class=\"wp-block-list\">\n<li>Para Microsoft Internet Explorer (Windows Internet Explorer, Windows 10, Windows 8.1, Windows 7):\u00a0<a href=\"http:\/\/windows.microsoft.com\/fr-FR\/windows-vista\/Block-or-allow-cookies\">http:\/\/windows.microsoft.com\/fr-FR\/windows-vista\/Block-or-allow-cookies<\/a><\/li>\n\n\n\n<li>Para Google Chrome:\u00a0<a href=\"https:\/\/support.google.com\/chrome\/answer\/95647?co=GENIE.Platform%3DDesktop&amp;amp;hl=fr\">https:\/\/support.google.com\/chrome\/answer\/95647?co=GENIE.Platform%3DDesktop&amp;hl=fr<\/a><\/li>\n\n\n\n<li>Para Safari:\u00a0<a href=\"https:\/\/support.apple.com\/kb\/PH21411?locale=fr_FR&amp;amp;viewlocale=fr_FR\">https:\/\/support.apple.com\/kb\/PH21411?locale=fr_FR&amp;viewlocale=fr_FR<\/a><\/li>\n\n\n\n<li>Para Safari iPhone \/ iPad:\u00a0<a href=\"https:\/\/support.apple.com\/fr-fr\/HT201265\">https:\/\/support.apple.com\/fr-fr\/HT201265<\/a><\/li>\n\n\n\n<li>Para Firefox:\u00a0<a href=\"https:\/\/support.mozilla.org\/fr\/kb\/activer-desactiver-cookies-preferences\">https:\/\/support.mozilla.org\/fr\/kb\/activer-desactiver-cookies-preferences<\/a><\/li>\n<\/ul>\n\n\n\n<ul class=\"wp-block-list\">\n<li><strong>Consejos de la CNIL<\/strong><\/li>\n<\/ul>\n\n\n\n<p>El sitio web de la CNIL (Comisi\u00f3n Nacional de Inform\u00e1tica y Libertades) ofrece consejos sobre c\u00f3mo limitar el seguimiento de su navegaci\u00f3n por Internet:<\/p>\n\n\n\n<ul class=\"wp-block-list\">\n<li>Bloquear las cookies de terceros. Las cookies de terceros no suelen ser necesarias para aprovechar los recursos disponibles en Internet. Si desea limitar su seguimiento, le recomendamos que las rechace por defecto.<\/li>\n\n\n\n<li>Evitar la instalaci\u00f3n de los rastreadores m\u00e1s comunes. Se pueden utilizar numerosas extensiones para bloquear diferentes rastreadores. Por ejemplo, para el navegador Chrome, DoNotTrackMe, Disconnect, Ghostery, etc.<\/li>\n\n\n\n<li>Bloquear los botones para compartir en redes sociales.<\/li>\n\n\n\n<li>Limitar el seguimiento en Adobe Flash. Es recomendable modificar estos ajustes accediendo al gestor de configuraci\u00f3n accesible en l\u00ednea, pero aunque el sitio web de Flash ofrece la desactivaci\u00f3n para evitar que se almacenen en ordenadores, no funciona al 100\u00a0%.\u00a0Las cookies LSO (Flash) son resistentes a la manipulaci\u00f3n, que consiste en borrar las cookies \u00abtradicionales\u00bb a trav\u00e9s del navegador web. En lugar de eliminar las cookies LSO manualmente, puede descargar una extensi\u00f3n en su navegador que le permitir\u00e1 eliminarlas cada vez que lo cierre. Por ejemplo, Betterprivacy para Firefox.<\/li>\n\n\n\n<li><strong>Mecanismo \u00abDo not track\u00bb<\/strong><\/li>\n<\/ul>\n\n\n\n<p>Tambi\u00e9n puede configurar su navegador para que informe a los sitios web de que no desea que se lleve a cabo el seguimiento (mecanismo \u00abDo not track\u00bb).<\/p>\n\n\n\n<ul class=\"wp-block-list\">\n<li>Google Chrome<br><a href=\"https:\/\/support.google.com\/chrome\/answer\/114836\">https:\/\/support.google.com\/chrome\/answer\/114836<\/a><\/li>\n\n\n\n<li>Mozilla Firefox<br><a href=\"https:\/\/support.mozilla.org\/fr\/kb\/comment-activer-option-ne-pas-pister\">https:\/\/support.mozilla.org\/fr\/kb\/comment-activer-option-ne-pas-pister<\/a><\/li>\n\n\n\n<li>Microsoft Internet Explorer<br><a href=\"http:\/\/windows.microsoft.com\/fr-fr\/internet-explorer\/use-tracking-protection#ie=ie-11\">http:\/\/windows.microsoft.com\/fr-fr\/internet-explorer\/use-tracking-protection#ie = ie-11<\/a><\/li>\n\n\n\n<li>Microsoft Edge<br><a href=\"https:\/\/privacy.microsoft.com\/fr-fr\/windows-10-microsoft-edge-and-privacy\">https:\/\/privacy.microsoft.com\/fr-fr\/windows-10-microsoft-edge-and-privacy<\/a><\/li>\n\n\n\n<li>Safari de Apple<br><a href=\"http:\/\/support.apple.com\/kb\/PH11952\">http:\/\/support.apple.com\/kb\/PH11952<\/a><\/li>\n\n\n\n<li>Mozilla Firefox<br><a href=\"https:\/\/support.mozilla.org\/fr\/kb\/comment-activer-option-ne-pas-pister\">https:\/\/support.mozilla.org\/fr\/kb\/comment-activer-option-ne-pas-pister<\/a><\/li>\n<\/ul>\n\n\n\n<p>Tambi\u00e9n puede entrar en el sitio web Youronlinechoices, dirigido por profesionales de la publicidad digital pertenecientes a la Alianza Europea de Publicidad Digital (EDAA) y gestionado en Francia por la Oficina de Publicidad Interactiva de Francia.<\/p>\n\n\n\n<p>Esto le permitir\u00e1 saber qu\u00e9 empresas est\u00e1n registradas en esta plataforma y cu\u00e1les le ofrecen la posibilidad de rechazar o aceptar las cookies que utilizan estas empresas para adaptar la publicidad que puede mostrarse en su dispositivo a sus datos de navegaci\u00f3n:&nbsp;<a href=\"http:\/\/www.youronlinechoices.com\/fr\/controler-ses-cookies\/\">http:\/\/www.youronlinechoices.com\/fr\/controler-ses-cookies\/<\/a>.<\/p>\n\n\n\n<p>Se trata de una plataforma europea que comparten cientos de profesionales de la publicidad en Internet y constituye una interfaz centralizada que le permite expresar su rechazo o aceptaci\u00f3n de las cookies que podr\u00edan utilizarse para adaptar la publicidad que puede mostrarse en su dispositivo a sus h\u00e1bitos de navegaci\u00f3n. Tenga en cuenta que este procedimiento no impedir\u00e1 la visualizaci\u00f3n de anuncios en los sitios web que visite. Solo bloquear\u00e1 las tecnolog\u00edas que adaptan la publicidad a sus \u00e1reas de inter\u00e9s.<\/p>\n\n\n\n<h4 class=\"wp-block-heading\" id=\"h-como-ponerse-en-contacto-con-nosotros\">\u00a0<strong>\u00bfC\u00d3MO PONERSE EN CONTACTO CON NOSOTROS?<\/strong><\/h4>\n\n\n\n<p><br>Si tiene alguna pregunta sobre nuestras pr\u00e1cticas de protecci\u00f3n de datos y la forma en que tratamos sus datos, puede ponerse en contacto con nuestro equipo de privacidad y con el Delegado de Protecci\u00f3n de Datos enviando un correo electr\u00f3nico a la siguiente direcci\u00f3n<\/p>\n\n\n\n<p><a href=\"mailto:DPO@asmodee.com\">DPO@asmodee.com<\/a><\/p>\n\n\n\n<p>O por correo postal a:<\/p>\n\n\n\n<p>D\u00e9l\u00e9gu\u00e9 \u00e0 la protection des donn\u00e9es<\/p>\n\n\n\n<p>Financi\u00e8re Amuse Bidco<\/p>\n\n\n\n<p>18 rue Jacqueline Auriol<\/p>\n\n\n\n<p>78280 Guyancourt<\/p>\n\n\n\n<p><strong>PARA M\u00c1S INFORMACI\u00d3N<\/strong><strong><\/strong><\/p>\n\n\n\n<p><br>Para m\u00e1s informaci\u00f3n sobre c\u00f3mo realizamos el tratamiento de sus datos personales, le invitamos a leer nuestra pol\u00edtica de confidencialidad<em>.<\/em><\/p>\n\n\n\n<p><strong>Fecha de \u00faltima actualizaci\u00f3n:&nbsp;16 de agosto de 2024<\/strong><\/p>\n","protected":false},"excerpt":{"rendered":"<p>Pol\u00edtica de uso de cookies y otros rastreadores Asmodee AB, editor del sitio web www.ludifest.cl (en adelante, \u00abAsmodee\u00bb), trata sus datos personales en calidad de responsable del tratamiento cuando navega por su sitio web. El objetivo de esta pol\u00edtica es informarle tanto del funcionamiento de las cookies como del contexto legal en el que Asmodee hace uso de ellas. Esta&#8230;<\/p>\n","protected":false},"author":4,"featured_media":0,"parent":0,"menu_order":0,"comment_status":"closed","ping_status":"open","template":"","meta":{"footnotes":""},"class_list":["post-1571","page","type-page","status-publish","hentry"],"yoast_head":"<!-- This site is optimized with the Yoast SEO Premium plugin v25.0 (Yoast SEO v25.0) - https:\/\/yoast.com\/wordpress\/plugins\/seo\/ -->\n<title>Pol\u00edticas de Cookies - Ludifest 2026<\/title>\n<meta name=\"description\" content=\"Bienvenido a www.ludifest.cl (en adelante, el \u201cSitio\u201d), plataforma oficial del evento Ludifest 2026, organizado por Asmodee Chile SpA.\" \/>\n<meta name=\"robots\" content=\"index, follow, max-snippet:-1, max-image-preview:large, max-video-preview:-1\" \/>\n<link rel=\"canonical\" href=\"https:\/\/www.ludifest.cl\/?page_id=1571\" \/>\n<meta property=\"og:locale\" content=\"en_US\" \/>\n<meta property=\"og:type\" content=\"article\" \/>\n<meta property=\"og:title\" content=\"Pol\u00edticas de Cookies\" \/>\n<meta property=\"og:description\" content=\"Bienvenido a www.ludifest.cl (en adelante, el \u201cSitio\u201d), plataforma oficial del evento Ludifest 2026, organizado por Asmodee Chile SpA.\" \/>\n<meta property=\"og:url\" content=\"https:\/\/www.ludifest.cl\/?page_id=1571\" \/>\n<meta property=\"og:site_name\" content=\"Ludifest 2026\" \/>\n<meta property=\"article:modified_time\" content=\"2025-12-01T18:22:47+00:00\" \/>\n<meta name=\"twitter:card\" content=\"summary_large_image\" \/>\n<meta name=\"twitter:label1\" content=\"Est. reading time\" \/>\n\t<meta name=\"twitter:data1\" content=\"7 minutes\" \/>\n<script type=\"application\/ld+json\" class=\"yoast-schema-graph\">{\"@context\":\"https:\/\/schema.org\",\"@graph\":[{\"@type\":\"WebPage\",\"@id\":\"https:\/\/www.ludifest.cl\/?page_id=1571\",\"url\":\"https:\/\/www.ludifest.cl\/?page_id=1571\",\"name\":\"Pol\u00edticas de Cookies - Ludifest 2026\",\"isPartOf\":{\"@id\":\"https:\/\/www.ludifest.cl\/#website\"},\"datePublished\":\"2025-12-01T18:22:45+00:00\",\"dateModified\":\"2025-12-01T18:22:47+00:00\",\"description\":\"Bienvenido a www.ludifest.cl (en adelante, el \u201cSitio\u201d), plataforma oficial del evento Ludifest 2026, organizado por Asmodee Chile SpA.\",\"breadcrumb\":{\"@id\":\"https:\/\/www.ludifest.cl\/?page_id=1571#breadcrumb\"},\"inLanguage\":\"en-CA\",\"potentialAction\":[{\"@type\":\"ReadAction\",\"target\":[\"https:\/\/www.ludifest.cl\/?page_id=1571\"]}]},{\"@type\":\"BreadcrumbList\",\"@id\":\"https:\/\/www.ludifest.cl\/?page_id=1571#breadcrumb\",\"itemListElement\":[{\"@type\":\"ListItem\",\"position\":1,\"name\":\"Home\",\"item\":\"https:\/\/www.ludifest.cl\/\"},{\"@type\":\"ListItem\",\"position\":2,\"name\":\"Pol\u00edticas de Cookies\"}]},{\"@type\":\"WebSite\",\"@id\":\"https:\/\/www.ludifest.cl\/#website\",\"url\":\"https:\/\/www.ludifest.cl\/\",\"name\":\"Ludifest 2026\",\"description\":\"El festival de los juegos de mesa\",\"publisher\":{\"@id\":\"https:\/\/www.ludifest.cl\/#organization\"},\"potentialAction\":[{\"@type\":\"SearchAction\",\"target\":{\"@type\":\"EntryPoint\",\"urlTemplate\":\"https:\/\/www.ludifest.cl\/?s={search_term_string}\"},\"query-input\":{\"@type\":\"PropertyValueSpecification\",\"valueRequired\":true,\"valueName\":\"search_term_string\"}}],\"inLanguage\":\"en-CA\"},{\"@type\":\"Organization\",\"@id\":\"https:\/\/www.ludifest.cl\/#organization\",\"name\":\"Ludifest 2026\",\"url\":\"https:\/\/www.ludifest.cl\/\",\"logo\":{\"@type\":\"ImageObject\",\"inLanguage\":\"en-CA\",\"@id\":\"https:\/\/www.ludifest.cl\/#\/schema\/logo\/image\/\",\"url\":\"https:\/\/cdn.svc.asmodee.net\/production-ludifest\/uploads\/2020\/08\/Logo-Ludifest-V.png\",\"contentUrl\":\"https:\/\/cdn.svc.asmodee.net\/production-ludifest\/uploads\/2020\/08\/Logo-Ludifest-V.png\",\"width\":2245,\"height\":316,\"caption\":\"Ludifest 2026\"},\"image\":{\"@id\":\"https:\/\/www.ludifest.cl\/#\/schema\/logo\/image\/\"}}]}<\/script>\n<!-- \/ Yoast SEO Premium plugin. -->","yoast_head_json":{"title":"Pol\u00edticas de Cookies - Ludifest 2026","description":"Bienvenido a www.ludifest.cl (en adelante, el \u201cSitio\u201d), plataforma oficial del evento Ludifest 2026, organizado por Asmodee Chile SpA.","robots":{"index":"index","follow":"follow","max-snippet":"max-snippet:-1","max-image-preview":"max-image-preview:large","max-video-preview":"max-video-preview:-1"},"canonical":"https:\/\/www.ludifest.cl\/?page_id=1571","og_locale":"en_US","og_type":"article","og_title":"Pol\u00edticas de Cookies","og_description":"Bienvenido a www.ludifest.cl (en adelante, el \u201cSitio\u201d), plataforma oficial del evento Ludifest 2026, organizado por Asmodee Chile SpA.","og_url":"https:\/\/www.ludifest.cl\/?page_id=1571","og_site_name":"Ludifest 2026","article_modified_time":"2025-12-01T18:22:47+00:00","twitter_card":"summary_large_image","twitter_misc":{"Est. reading time":"7 minutes"},"schema":{"@context":"https:\/\/schema.org","@graph":[{"@type":"WebPage","@id":"https:\/\/www.ludifest.cl\/?page_id=1571","url":"https:\/\/www.ludifest.cl\/?page_id=1571","name":"Pol\u00edticas de Cookies - Ludifest 2026","isPartOf":{"@id":"https:\/\/www.ludifest.cl\/#website"},"datePublished":"2025-12-01T18:22:45+00:00","dateModified":"2025-12-01T18:22:47+00:00","description":"Bienvenido a www.ludifest.cl (en adelante, el \u201cSitio\u201d), plataforma oficial del evento Ludifest 2026, organizado por Asmodee Chile SpA.","breadcrumb":{"@id":"https:\/\/www.ludifest.cl\/?page_id=1571#breadcrumb"},"inLanguage":"en-CA","potentialAction":[{"@type":"ReadAction","target":["https:\/\/www.ludifest.cl\/?page_id=1571"]}]},{"@type":"BreadcrumbList","@id":"https:\/\/www.ludifest.cl\/?page_id=1571#breadcrumb","itemListElement":[{"@type":"ListItem","position":1,"name":"Home","item":"https:\/\/www.ludifest.cl\/"},{"@type":"ListItem","position":2,"name":"Pol\u00edticas de Cookies"}]},{"@type":"WebSite","@id":"https:\/\/www.ludifest.cl\/#website","url":"https:\/\/www.ludifest.cl\/","name":"Ludifest 2026","description":"El festival de los juegos de mesa","publisher":{"@id":"https:\/\/www.ludifest.cl\/#organization"},"potentialAction":[{"@type":"SearchAction","target":{"@type":"EntryPoint","urlTemplate":"https:\/\/www.ludifest.cl\/?s={search_term_string}"},"query-input":{"@type":"PropertyValueSpecification","valueRequired":true,"valueName":"search_term_string"}}],"inLanguage":"en-CA"},{"@type":"Organization","@id":"https:\/\/www.ludifest.cl\/#organization","name":"Ludifest 2026","url":"https:\/\/www.ludifest.cl\/","logo":{"@type":"ImageObject","inLanguage":"en-CA","@id":"https:\/\/www.ludifest.cl\/#\/schema\/logo\/image\/","url":"https:\/\/cdn.svc.asmodee.net\/production-ludifest\/uploads\/2020\/08\/Logo-Ludifest-V.png","contentUrl":"https:\/\/cdn.svc.asmodee.net\/production-ludifest\/uploads\/2020\/08\/Logo-Ludifest-V.png","width":2245,"height":316,"caption":"Ludifest 2026"},"image":{"@id":"https:\/\/www.ludifest.cl\/#\/schema\/logo\/image\/"}}]}},"_links":{"self":[{"href":"https:\/\/www.ludifest.cl\/index.php?rest_route=\/wp\/v2\/pages\/1571","targetHints":{"allow":["GET"]}}],"collection":[{"href":"https:\/\/www.ludifest.cl\/index.php?rest_route=\/wp\/v2\/pages"}],"about":[{"href":"https:\/\/www.ludifest.cl\/index.php?rest_route=\/wp\/v2\/types\/page"}],"author":[{"embeddable":true,"href":"https:\/\/www.ludifest.cl\/index.php?rest_route=\/wp\/v2\/users\/4"}],"replies":[{"embeddable":true,"href":"https:\/\/www.ludifest.cl\/index.php?rest_route=%2Fwp%2Fv2%2Fcomments&post=1571"}],"version-history":[{"count":1,"href":"https:\/\/www.ludifest.cl\/index.php?rest_route=\/wp\/v2\/pages\/1571\/revisions"}],"predecessor-version":[{"id":1576,"href":"https:\/\/www.ludifest.cl\/index.php?rest_route=\/wp\/v2\/pages\/1571\/revisions\/1576"}],"wp:attachment":[{"href":"https:\/\/www.ludifest.cl\/index.php?rest_route=%2Fwp%2Fv2%2Fmedia&parent=1571"}],"curies":[{"name":"wp","href":"https:\/\/api.w.org\/{rel}","templated":true}]}}